{"id":7377,"date":"2023-09-12T12:13:07","date_gmt":"2023-09-12T12:13:07","guid":{"rendered":"https:\/\/verbierlanguageschool.com\/french\/?page_id=7377"},"modified":"2023-10-05T08:42:03","modified_gmt":"2023-10-05T08:42:03","slug":"offres-demploi-si","status":"publish","type":"page","link":"https:\/\/verbierlanguageschool.com\/french\/offres-demploi-si\/","title":{"rendered":"Offres d\u2019emploi"},"content":{"rendered":"<p>[vc_row full_width=&#8221;stretch_row&#8221; css=&#8221;.vc_custom_1690298612377{background-image: url(https:\/\/verbierlanguageschool.com\/french\/wp-content\/uploads\/2023\/03\/About_Us-1.jpg?id=6008) !important;background-position: center !important;background-repeat: no-repeat !important;background-size: cover !important;}&#8221; el_class=&#8221;site-wrap-mbl&#8221;][vc_column el_class=&#8221;mrnnttt&#8221;][vc_column_text el_class=&#8221;text-cnter&#8221;]<\/p>\n<p style=\"font-size: 22px; text-align: center;\"><strong>Offres d\u2019emploi vous souhaitez rejoindre la plus formidable \u00e9quipe d&#8217;enseignants, envoyez-nous votre CV par email \u00e0 <a href=\"https:\/\/verbierlanguageschool.com\/french\/\">info@verbierlanguageschool.com<\/a>. Plus vous parlez de langues, mieux c&#8217;est !<\/strong><\/p>\n<p>[\/vc_column_text][stm_spacing sm_spacing=&#8221;20px&#8221; xs_spacing=&#8221;25px&#8221; lg_spacing=&#8221;30px&#8221; md_spacing=&#8221;30px&#8221;][vc_row_inner][vc_column_inner el_class=&#8221;qte1&#8243;][stm_blockquote cite=&#8221;<strong>Clo\u00e9, professeure de fran\u00e7ais, d\u2019anglais, d\u2019espagnol et d\u2019allemand<\/strong>&#8221; footer_space_t=&#8221;35px&#8221; css=&#8221;.vc_custom_1694520866223{padding-right: 20px !important;}&#8221;]<em style=\"color: #202a44;\">J\u2019enseigne avec VLS depuis de nombreuses ann\u00e9es et je ne peux que recommander l\u2019exp\u00e9rience. L\u2019\u00e9cole est id\u00e9alement situ\u00e9e au centre de Verbier, entre montagnes et commerces. L\u2019\u00e9quipe est flexible et \u00e0 l\u2019\u00e9coute, les conditions de travail sont plaisantes et les directrices, Rosi et El\u00e9onore sont des amours. Bienveillantes et arrangeantes, elles font tout pour vous faire sentir appr\u00e9ci\u00e9.e dans votre travail et dirigent l\u2019\u00e9cole de mani\u00e8re familiale, dans la bonne humeur. L\u2019offre de langues est \u00e9tendue et les cours sont toujours organis\u00e9s en petits groupes. Ils peuvent avoir lieu dans ou hors de l\u2019\u00e9cole, et l\u2019ambiance est \u00e0 l\u2019apprentissage ludique, loin des le\u00e7ons r\u00e9barbatives. Enfants, adultes, francophones ou \u00e9trangers ; \u00e9l\u00e8ves ou professeurs, n\u2019h\u00e9sitez pas !<\/em>[\/stm_blockquote][\/vc_column_inner][\/vc_row_inner][stm_spacing sm_spacing=&#8221;45px&#8221; xs_spacing=&#8221;45px&#8221; lg_spacing=&#8221;60px&#8221; md_spacing=&#8221;60px&#8221;][vc_row_inner][vc_column_inner el_class=&#8221;qte3&#8243;][stm_blockquote cite=&#8221;<strong>Angelica, professeur d\u2019allemand et de fran\u00e7ais <\/strong>&#8221; footer_space_t=&#8221;35px&#8221; css=&#8221;.vc_custom_1694520751413{padding-right: 20px !important;}&#8221;]<em style=\"color: #202a44;\">Enseigner \u00e0 VLS est un v\u00e9ritable plaisir! Nous avons \u00e0 faire aussi bien \u00e0 des enfants, des adolescents et des adultes, en individuel ou en groupe en fonction des besoins. Les sujets sont donc divers et vari\u00e9s et on ne s&#8217;ennuie jamais. Le tout dans une ambiance d\u00e9tendue, conviviale et d&#8217;entraide. Je le recommande vivement. <\/em>[\/stm_blockquote][\/vc_column_inner][\/vc_row_inner][stm_spacing sm_spacing=&#8221;45px&#8221; xs_spacing=&#8221;45px&#8221; lg_spacing=&#8221;60px&#8221; md_spacing=&#8221;60px&#8221;][\/vc_column][\/vc_row]<\/p>\n","protected":false},"excerpt":{"rendered":"<p>[vc_row full_width=&#8221;stretch_row&#8221; css=&#8221;.vc_custom_1690298612377{background-image: url(https:\/\/verbierlanguageschool.com\/french\/wp-content\/uploads\/2023\/03\/About_Us-1.jpg?id=6008) !important;background-position: center !important;background-repeat: no-repeat !important;background-size: cover !important;}&#8221; el_class=&#8221;site-wrap-mbl&#8221;][vc_column el_class=&#8221;mrnnttt&#8221;][vc_column_text el_class=&#8221;text-cnter&#8221;] Offres d\u2019emploi vous souhaitez rejoindre la plus formidable \u00e9quipe d&#8217;enseignants, envoyez-nous votre CV par email \u00e0 info@verbierlanguageschool.com. Plus vous parlez de langues, mieux c&#8217;est ! [\/vc_column_text][stm_spacing sm_spacing=&#8221;20px&#8221; xs_spacing=&#8221;25px&#8221; lg_spacing=&#8221;30px&#8221; md_spacing=&#8221;30px&#8221;][vc_row_inner][vc_column_inner el_class=&#8221;qte1&#8243;][stm_blockquote cite=&#8221;Clo\u00e9, professeure de fran\u00e7ais, d\u2019anglais, d\u2019espagnol et d\u2019allemand&#8221; footer_space_t=&#8221;35px&#8221; css=&#8221;.vc_custom_1694520866223{padding-right: [&hellip;]<\/p>\n","protected":false},"author":1,"featured_media":0,"parent":0,"menu_order":0,"comment_status":"closed","ping_status":"closed","template":"","meta":{"footnotes":""},"class_list":["post-7377","page","type-page","status-publish","hentry"],"yoast_head":"<!-- This site is optimized with the Yoast SEO plugin v21.5 - https:\/\/yoast.com\/wordpress\/plugins\/seo\/ -->\n<title>Offres d\u2019emploi - Verbier Language School<\/title>\n<meta name=\"robots\" content=\"index, follow, max-snippet:-1, max-image-preview:large, max-video-preview:-1\" \/>\n<link rel=\"canonical\" href=\"https:\/\/verbierlanguageschool.com\/french\/offres-demploi-si\/\" \/>\n<meta property=\"og:locale\" content=\"en_US\" \/>\n<meta property=\"og:type\" content=\"article\" \/>\n<meta property=\"og:title\" content=\"Offres d\u2019emploi - Verbier Language School\" \/>\n<meta property=\"og:description\" content=\"[vc_row full_width=&#8221;stretch_row&#8221; css=&#8221;.vc_custom_1690298612377{background-image: url(https:\/\/verbierlanguageschool.com\/french\/wp-content\/uploads\/2023\/03\/About_Us-1.jpg?id=6008) !important;background-position: center !important;background-repeat: no-repeat !important;background-size: cover !important;}&#8221; el_class=&#8221;site-wrap-mbl&#8221;][vc_column el_class=&#8221;mrnnttt&#8221;][vc_column_text el_class=&#8221;text-cnter&#8221;] Offres d\u2019emploi vous souhaitez rejoindre la plus formidable \u00e9quipe d&#8217;enseignants, envoyez-nous votre CV par email \u00e0 info@verbierlanguageschool.com. Plus vous parlez de langues, mieux c&#8217;est ! [\/vc_column_text][stm_spacing sm_spacing=&#8221;20px&#8221; xs_spacing=&#8221;25px&#8221; lg_spacing=&#8221;30px&#8221; md_spacing=&#8221;30px&#8221;][vc_row_inner][vc_column_inner el_class=&#8221;qte1&#8243;][stm_blockquote cite=&#8221;Clo\u00e9, professeure de fran\u00e7ais, d\u2019anglais, d\u2019espagnol et d\u2019allemand&#8221; footer_space_t=&#8221;35px&#8221; css=&#8221;.vc_custom_1694520866223{padding-right: [&hellip;]\" \/>\n<meta property=\"og:url\" content=\"https:\/\/verbierlanguageschool.com\/french\/offres-demploi-si\/\" \/>\n<meta property=\"og:site_name\" content=\"Verbier Language School\" \/>\n<meta property=\"article:modified_time\" content=\"2023-10-05T08:42:03+00:00\" \/>\n<meta name=\"twitter:card\" content=\"summary_large_image\" \/>\n<meta name=\"twitter:label1\" content=\"Est. reading time\" \/>\n\t<meta name=\"twitter:data1\" content=\"2 minutes\" \/>\n<script type=\"application\/ld+json\" class=\"yoast-schema-graph\">{\"@context\":\"https:\/\/schema.org\",\"@graph\":[{\"@type\":\"WebPage\",\"@id\":\"https:\/\/verbierlanguageschool.com\/french\/offres-demploi-si\/\",\"url\":\"https:\/\/verbierlanguageschool.com\/french\/offres-demploi-si\/\",\"name\":\"Offres d\u2019emploi - Verbier Language School\",\"isPartOf\":{\"@id\":\"https:\/\/verbierlanguageschool.com\/french\/#website\"},\"datePublished\":\"2023-09-12T12:13:07+00:00\",\"dateModified\":\"2023-10-05T08:42:03+00:00\",\"breadcrumb\":{\"@id\":\"https:\/\/verbierlanguageschool.com\/french\/offres-demploi-si\/#breadcrumb\"},\"inLanguage\":\"en-US\",\"potentialAction\":[{\"@type\":\"ReadAction\",\"target\":[\"https:\/\/verbierlanguageschool.com\/french\/offres-demploi-si\/\"]}]},{\"@type\":\"BreadcrumbList\",\"@id\":\"https:\/\/verbierlanguageschool.com\/french\/offres-demploi-si\/#breadcrumb\",\"itemListElement\":[{\"@type\":\"ListItem\",\"position\":1,\"name\":\"Home\",\"item\":\"https:\/\/verbierlanguageschool.com\/french\/\"},{\"@type\":\"ListItem\",\"position\":2,\"name\":\"Offres d\u2019emploi\"}]},{\"@type\":\"WebSite\",\"@id\":\"https:\/\/verbierlanguageschool.com\/french\/#website\",\"url\":\"https:\/\/verbierlanguageschool.com\/french\/\",\"name\":\"Verbier Language School\",\"description\":\"\",\"potentialAction\":[{\"@type\":\"SearchAction\",\"target\":{\"@type\":\"EntryPoint\",\"urlTemplate\":\"https:\/\/verbierlanguageschool.com\/french\/?s={search_term_string}\"},\"query-input\":\"required name=search_term_string\"}],\"inLanguage\":\"en-US\"}]}<\/script>\n<!-- \/ Yoast SEO plugin. -->","yoast_head_json":{"title":"Offres d\u2019emploi - Verbier Language School","robots":{"index":"index","follow":"follow","max-snippet":"max-snippet:-1","max-image-preview":"max-image-preview:large","max-video-preview":"max-video-preview:-1"},"canonical":"https:\/\/verbierlanguageschool.com\/french\/offres-demploi-si\/","og_locale":"en_US","og_type":"article","og_title":"Offres d\u2019emploi - Verbier Language School","og_description":"[vc_row full_width=&#8221;stretch_row&#8221; css=&#8221;.vc_custom_1690298612377{background-image: url(https:\/\/verbierlanguageschool.com\/french\/wp-content\/uploads\/2023\/03\/About_Us-1.jpg?id=6008) !important;background-position: center !important;background-repeat: no-repeat !important;background-size: cover !important;}&#8221; el_class=&#8221;site-wrap-mbl&#8221;][vc_column el_class=&#8221;mrnnttt&#8221;][vc_column_text el_class=&#8221;text-cnter&#8221;] Offres d\u2019emploi vous souhaitez rejoindre la plus formidable \u00e9quipe d&#8217;enseignants, envoyez-nous votre CV par email \u00e0 info@verbierlanguageschool.com. Plus vous parlez de langues, mieux c&#8217;est ! [\/vc_column_text][stm_spacing sm_spacing=&#8221;20px&#8221; xs_spacing=&#8221;25px&#8221; lg_spacing=&#8221;30px&#8221; md_spacing=&#8221;30px&#8221;][vc_row_inner][vc_column_inner el_class=&#8221;qte1&#8243;][stm_blockquote cite=&#8221;Clo\u00e9, professeure de fran\u00e7ais, d\u2019anglais, d\u2019espagnol et d\u2019allemand&#8221; footer_space_t=&#8221;35px&#8221; css=&#8221;.vc_custom_1694520866223{padding-right: [&hellip;]","og_url":"https:\/\/verbierlanguageschool.com\/french\/offres-demploi-si\/","og_site_name":"Verbier Language School","article_modified_time":"2023-10-05T08:42:03+00:00","twitter_card":"summary_large_image","twitter_misc":{"Est. reading time":"2 minutes"},"schema":{"@context":"https:\/\/schema.org","@graph":[{"@type":"WebPage","@id":"https:\/\/verbierlanguageschool.com\/french\/offres-demploi-si\/","url":"https:\/\/verbierlanguageschool.com\/french\/offres-demploi-si\/","name":"Offres d\u2019emploi - Verbier Language School","isPartOf":{"@id":"https:\/\/verbierlanguageschool.com\/french\/#website"},"datePublished":"2023-09-12T12:13:07+00:00","dateModified":"2023-10-05T08:42:03+00:00","breadcrumb":{"@id":"https:\/\/verbierlanguageschool.com\/french\/offres-demploi-si\/#breadcrumb"},"inLanguage":"en-US","potentialAction":[{"@type":"ReadAction","target":["https:\/\/verbierlanguageschool.com\/french\/offres-demploi-si\/"]}]},{"@type":"BreadcrumbList","@id":"https:\/\/verbierlanguageschool.com\/french\/offres-demploi-si\/#breadcrumb","itemListElement":[{"@type":"ListItem","position":1,"name":"Home","item":"https:\/\/verbierlanguageschool.com\/french\/"},{"@type":"ListItem","position":2,"name":"Offres d\u2019emploi"}]},{"@type":"WebSite","@id":"https:\/\/verbierlanguageschool.com\/french\/#website","url":"https:\/\/verbierlanguageschool.com\/french\/","name":"Verbier Language School","description":"","potentialAction":[{"@type":"SearchAction","target":{"@type":"EntryPoint","urlTemplate":"https:\/\/verbierlanguageschool.com\/french\/?s={search_term_string}"},"query-input":"required name=search_term_string"}],"inLanguage":"en-US"}]}},"_links":{"self":[{"href":"https:\/\/verbierlanguageschool.com\/french\/wp-json\/wp\/v2\/pages\/7377","targetHints":{"allow":["GET"]}}],"collection":[{"href":"https:\/\/verbierlanguageschool.com\/french\/wp-json\/wp\/v2\/pages"}],"about":[{"href":"https:\/\/verbierlanguageschool.com\/french\/wp-json\/wp\/v2\/types\/page"}],"author":[{"embeddable":true,"href":"https:\/\/verbierlanguageschool.com\/french\/wp-json\/wp\/v2\/users\/1"}],"replies":[{"embeddable":true,"href":"https:\/\/verbierlanguageschool.com\/french\/wp-json\/wp\/v2\/comments?post=7377"}],"version-history":[{"count":35,"href":"https:\/\/verbierlanguageschool.com\/french\/wp-json\/wp\/v2\/pages\/7377\/revisions"}],"predecessor-version":[{"id":7429,"href":"https:\/\/verbierlanguageschool.com\/french\/wp-json\/wp\/v2\/pages\/7377\/revisions\/7429"}],"wp:attachment":[{"href":"https:\/\/verbierlanguageschool.com\/french\/wp-json\/wp\/v2\/media?parent=7377"}],"curies":[{"name":"wp","href":"https:\/\/api.w.org\/{rel}","templated":true}]}}

<p>[vc_row full_width=&#8221;stretch_row&#8221; css=&#8221;.vc_custom_1690298612377{background-image: url(https://verbierlanguageschool.com/french/wp-content/uploads/2023/03/About_Us-1.jpg?id=6008) !important;background-position: center !important;background-repeat: no-repeat !important;background-size: cover !important;}&#8221; el_class=&#8221;site-wrap-mbl&#8221;][vc_column el_class=&#8221;mrnnttt&#8221;][vc_column_text el_class=&#8221;text-cnter&#8221;]</p>
<p style="font-size: 22px; text-align: center;"><strong>Offres d’emploi vous souhaitez rejoindre la plus formidable équipe d&#8217;enseignants, envoyez-nous votre CV par email à <a href="https://verbierlanguageschool.com/french/">info@verbierlanguageschool.com</a>. Plus vous parlez de langues, mieux c&#8217;est !</strong></p>
<p>[/vc_column_text][stm_spacing sm_spacing=&#8221;20px&#8221; xs_spacing=&#8221;25px&#8221; lg_spacing=&#8221;30px&#8221; md_spacing=&#8221;30px&#8221;][vc_row_inner][vc_column_inner el_class=&#8221;qte1&#8243;][stm_blockquote cite=&#8221;<strong>Cloé, professeure de français, d’anglais, d’espagnol et d’allemand</strong>&#8221; footer_space_t=&#8221;35px&#8221; css=&#8221;.vc_custom_1694520866223{padding-right: 20px !important;}&#8221;]<em style="color: #202a44;">J’enseigne avec VLS depuis de nombreuses années et je ne peux que recommander l’expérience. L’école est idéalement située au centre de Verbier, entre montagnes et commerces. L’équipe est flexible et à l’écoute, les conditions de travail sont plaisantes et les directrices, Rosi et Eléonore sont des amours. Bienveillantes et arrangeantes, elles font tout pour vous faire sentir apprécié.e dans votre travail et dirigent l’école de manière familiale, dans la bonne humeur. L’offre de langues est étendue et les cours sont toujours organisés en petits groupes. Ils peuvent avoir lieu dans ou hors de l’école, et l’ambiance est à l’apprentissage ludique, loin des leçons rébarbatives. Enfants, adultes, francophones ou étrangers ; élèves ou professeurs, n’hésitez pas !</em>[/stm_blockquote][/vc_column_inner][/vc_row_inner][stm_spacing sm_spacing=&#8221;45px&#8221; xs_spacing=&#8221;45px&#8221; lg_spacing=&#8221;60px&#8221; md_spacing=&#8221;60px&#8221;][vc_row_inner][vc_column_inner el_class=&#8221;qte3&#8243;][stm_blockquote cite=&#8221;<strong>Angelica, professeur d’allemand et de français </strong>&#8221; footer_space_t=&#8221;35px&#8221; css=&#8221;.vc_custom_1694520751413{padding-right: 20px !important;}&#8221;]<em style="color: #202a44;">Enseigner à VLS est un véritable plaisir! Nous avons à faire aussi bien à des enfants, des adolescents et des adultes, en individuel ou en groupe en fonction des besoins. Les sujets sont donc divers et variés et on ne s&#8217;ennuie jamais. Le tout dans une ambiance détendue, conviviale et d&#8217;entraide. Je le recommande vivement. </em>[/stm_blockquote][/vc_column_inner][/vc_row_inner][stm_spacing sm_spacing=&#8221;45px&#8221; xs_spacing=&#8221;45px&#8221; lg_spacing=&#8221;60px&#8221; md_spacing=&#8221;60px&#8221;][/vc_column][/vc_row]</p>

<p>[vc_row full_width=&#8221;stretch_row&#8221; css=&#8221;.vc_custom_1690298612377{background-image: url(https://verbierlanguageschool.com/french/wp-content/uploads/2023/03/About_Us-1.jpg?id=6008) !important;background-position: center !important;background-repeat: no-repeat !important;background-size: cover !important;}&#8221; el_class=&#8221;site-wrap-mbl&#8221;][vc_column el_class=&#8221;mrnnttt&#8221;][vc_column_text el_class=&#8221;text-cnter&#8221;] Offres d’emploi vous souhaitez rejoindre la plus formidable équipe d&#8217;enseignants, envoyez-nous votre CV par email à info@verbierlanguageschool.com. Plus vous parlez de langues, mieux c&#8217;est ! [/vc_column_text][stm_spacing sm_spacing=&#8221;20px&#8221; xs_spacing=&#8221;25px&#8221; lg_spacing=&#8221;30px&#8221; md_spacing=&#8221;30px&#8221;][vc_row_inner][vc_column_inner el_class=&#8221;qte1&#8243;][stm_blockquote cite=&#8221;Cloé, professeure de français, d’anglais, d’espagnol et d’allemand&#8221; footer_space_t=&#8221;35px&#8221; css=&#8221;.vc_custom_1694520866223{padding-right: [&hellip;]</p>

<!-- This site is optimized with the Yoast SEO plugin v21.5 - https://yoast.com/wordpress/plugins/seo/ -->
<title>Offres d’emploi - Verbier Language School</title>
<meta name="robots" content="index, follow, max-snippet:-1, max-image-preview:large, max-video-preview:-1" />
<link rel="canonical" href="https://verbierlanguageschool.com/french/offres-demploi-si/" />
<meta property="og:locale" content="en_US" />
<meta property="og:type" content="article" />
<meta property="og:title" content="Offres d’emploi - Verbier Language School" />
<meta property="og:description" content="[vc_row full_width=&#8221;stretch_row&#8221; css=&#8221;.vc_custom_1690298612377{background-image: url(https://verbierlanguageschool.com/french/wp-content/uploads/2023/03/About_Us-1.jpg?id=6008) !important;background-position: center !important;background-repeat: no-repeat !important;background-size: cover !important;}&#8221; el_class=&#8221;site-wrap-mbl&#8221;][vc_column el_class=&#8221;mrnnttt&#8221;][vc_column_text el_class=&#8221;text-cnter&#8221;] Offres d’emploi vous souhaitez rejoindre la plus formidable équipe d&#8217;enseignants, envoyez-nous votre CV par email à info@verbierlanguageschool.com. Plus vous parlez de langues, mieux c&#8217;est ! [/vc_column_text][stm_spacing sm_spacing=&#8221;20px&#8221; xs_spacing=&#8221;25px&#8221; lg_spacing=&#8221;30px&#8221; md_spacing=&#8221;30px&#8221;][vc_row_inner][vc_column_inner el_class=&#8221;qte1&#8243;][stm_blockquote cite=&#8221;Cloé, professeure de français, d’anglais, d’espagnol et d’allemand&#8221; footer_space_t=&#8221;35px&#8221; css=&#8221;.vc_custom_1694520866223{padding-right: [&hellip;]" />
<meta property="og:url" content="https://verbierlanguageschool.com/french/offres-demploi-si/" />
<meta property="og:site_name" content="Verbier Language School" />
<meta property="article:modified_time" content="2023-10-05T08:42:03+00:00" />
<meta name="twitter:card" content="summary_large_image" />
<meta name="twitter:label1" content="Est. reading time" />
	<meta name="twitter:data1" content="2 minutes" />
<script type="application/ld+json" class="yoast-schema-graph">{"@context":"https://schema.org","@graph":[{"@type":"WebPage","@id":"https://verbierlanguageschool.com/french/offres-demploi-si/","url":"https://verbierlanguageschool.com/french/offres-demploi-si/","name":"Offres d’emploi - Verbier Language School","isPartOf":{"@id":"https://verbierlanguageschool.com/french/#website"},"datePublished":"2023-09-12T12:13:07+00:00","dateModified":"2023-10-05T08:42:03+00:00","breadcrumb":{"@id":"https://verbierlanguageschool.com/french/offres-demploi-si/#breadcrumb"},"inLanguage":"en-US","potentialAction":[{"@type":"ReadAction","target":["https://verbierlanguageschool.com/french/offres-demploi-si/"]}]},{"@type":"BreadcrumbList","@id":"https://verbierlanguageschool.com/french/offres-demploi-si/#breadcrumb","itemListElement":[{"@type":"ListItem","position":1,"name":"Home","item":"https://verbierlanguageschool.com/french/"},{"@type":"ListItem","position":2,"name":"Offres d’emploi"}]},{"@type":"WebSite","@id":"https://verbierlanguageschool.com/french/#website","url":"https://verbierlanguageschool.com/french/","name":"Verbier Language School","description":"","potentialAction":[{"@type":"SearchAction","target":{"@type":"EntryPoint","urlTemplate":"https://verbierlanguageschool.com/french/?s={search_term_string}"},"query-input":"required name=search_term_string"}],"inLanguage":"en-US"}]}</script>
<!-- / Yoast SEO plugin. -->

[vc_row full_width=&#8221;stretch_row&#8221; css=&#8221;.vc_custom_1690298612377{background-image: url(https://verbierlanguageschool.com/french/wp-content/uploads/2023/03/About_Us-1.jpg?id=6008) !important;background-position: center !important;background-repeat: no-repeat !important;background-size: cover !important;}&#8221; el_class=&#8221;site-wrap-mbl&#8221;][vc_column el_class=&#8221;mrnnttt&#8221;][vc_column_text el_class=&#8221;text-cnter&#8221;] Offres d’emploi vous souhaitez rejoindre la plus formidable équipe d&#8217;enseignants, envoyez-nous votre CV par email à info@verbierlanguageschool.com. Plus vous parlez de langues, mieux c&#8217;est ! [/vc_column_text][stm_spacing sm_spacing=&#8221;20px&#8221; xs_spacing=&#8221;25px&#8221; lg_spacing=&#8221;30px&#8221; md_spacing=&#8221;30px&#8221;][vc_row_inner][vc_column_inner el_class=&#8221;qte1&#8243;][stm_blockquote cite=&#8221;Cloé, professeure de français, d’anglais, d’espagnol et d’allemand&#8221; footer_space_t=&#8221;35px&#8221; css=&#8221;.vc_custom_1694520866223{padding-right: [&hellip;]
