{"id":7284,"date":"2023-08-24T12:37:00","date_gmt":"2023-08-24T12:37:00","guid":{"rendered":"https:\/\/verbierlanguageschool.com\/french\/?page_id=7284"},"modified":"2025-09-22T13:21:32","modified_gmt":"2025-09-22T13:21:32","slug":"prestations-et-prix","status":"publish","type":"page","link":"https:\/\/verbierlanguageschool.com\/french\/adult-classes\/prestations-et-prix\/","title":{"rendered":"Prestations et prix"},"content":{"rendered":"<p>[vc_row full_width=&#8221;stretch_row&#8221; css=&#8221;.vc_custom_1690298269170{background-image: url(https:\/\/verbierlanguageschool.com\/french\/wp-content\/uploads\/2023\/03\/verbier-langiage-school-home-page.jpg?id=5799) !important;}&#8221; el_class=&#8221;.site-wrap-mbl&#8221;][vc_column width=&#8221;1\/2&#8243; offset=&#8221;vc_col-xs-12&#8243;][stm_spacing xs_spacing=&#8221;20px&#8221; lg_spacing=&#8221;40px&#8221; md_spacing=&#8221;43px&#8221; sm_spacing=&#8221;20px&#8221;][vc_single_image image=&#8221;5793&#8243; img_size=&#8221;large&#8221; alignment=&#8221;center&#8221;][\/vc_column][vc_column width=&#8221;1\/2&#8243; offset=&#8221;vc_col-xs-12&#8243;][stm_spacing lg_spacing=&#8221;73px&#8221; md_spacing=&#8221;73px&#8221; sm_spacing=&#8221;30px&#8221; xs_spacing=&#8221;30px&#8221;][stm_title title_tag=&#8221;h2&#8243; title_color=&#8221;custom&#8221; sep_color=&#8221;custom&#8221; sep_enable=&#8221;true&#8221; title=&#8221;Prestations&#8221; title_color_custom=&#8221;#000000&#8243; sep_color_custom=&#8221;#4583c1&#8243;][\/stm_title][vc_column_text css=&#8221;.vc_custom_1696490009917{margin-bottom: 0px !important;}&#8221;]En plus de la traduction et de l\u2019interpr\u00e9tariat, nous proposons de nombreux autres services pour vous aider \u00e0 vous int\u00e9grer plus facilement.[\/vc_column_text][vc_raw_html css=&#8221;.vc_custom_1697549343497{margin-bottom: 0px !important;}&#8221;]JTNDZGl2JTIwY2xhc3MlM0QlMjJzdG0tYnRuLWNvbnRhaW5lciUyMHN0bS1idG4tY29udGFpbmVyX2xlZnQlMjBtc2J0bmQyNTYlMjBkZC14dCUyMiUyMHN0eWxlJTNEJTIybWFyZ2luLXRvcCUzQSUyMDI3cHglM0IlMjIlM0UlMEElMDklMDklMDklMDklMDklM0NhJTIwaHJlZiUzRCUyMmh0dHBzJTNBJTJGJTJGdmVyYmllcmxhbmd1YWdlc2Nob29sLmNvbSUyRmZyZW5jaCUyRmNvbnRhY3Rlei1ub3VzJTJGJTIyJTIwY2xhc3MlM0QlMjJzdG0tYnRuJTIwc3RtLWJ0bl9mbGF0JTIwc3RtLWJ0bl9jdXN0b20lMjBzdG0tYnRuX21kJTIyJTIwZGF0YS1iZyUzRCUyMiUyMzYzMTc5ZSUyMCUyMiUyMGRhdGEtdGV4dCUzRCUyMiUyM2ZmZmZmZiUyMiUyMHN0eWxlJTNEJTIyYmFja2dyb3VuZC1jb2xvciUzQSUyMHJnYiUyODIwMSUyQyUyMDMxJTJDJTIwMzclMjklM0IlMjBjb2xvciUzQSUyMHJnYiUyODI1NSUyQyUyMDI1NSUyQyUyMDI1NSUyOSUzQiUyMiUzRUNvbnRhY3Rlei1ub3VzJTIwJTNDJTJGYSUzRSUwQSUwOSUwOSUwOSUzQyUyRmRpdiUzRQ==[\/vc_raw_html][vc_row_inner disable_element=&#8221;yes&#8221; css=&#8221;.vc_custom_1680244862841{padding-top: 30px !important;}&#8221;][vc_column_inner width=&#8221;1\/2&#8243;][stm_btn_simple btn_style=&#8221;flat&#8221; btn_color=&#8221;custom&#8221; btn_link=&#8221;url:%23&#8243; btn_link_text=&#8221;Group Classes&#8221; btn_color_custom_bg=&#8221;#1a90c9&#8243; btn_color_custom_text=&#8221;#ffffff&#8221;][\/vc_column_inner][vc_column_inner width=&#8221;1\/2&#8243;][stm_btn_simple btn_style=&#8221;flat&#8221; btn_color=&#8221;custom&#8221; btn_link=&#8221;url:https%3A%2F%2Fverbierlanguageschool.com%2Ffrench%2Fchildrens-classes%2F|title:Children%E2%80%99s%20Classes&#8221; btn_link_text=&#8221;Children\u2019s Classes&#8221; btn_color_custom_bg=&#8221;#c82026&#8243; btn_color_custom_text=&#8221;#ffffff&#8221;][\/vc_column_inner][\/vc_row_inner][stm_spacing xs_spacing=&#8221;30px&#8221; lg_spacing=&#8221;70px&#8221; md_spacing=&#8221;70px&#8221; sm_spacing=&#8221;30px&#8221;][\/vc_column][\/vc_row][vc_row full_width=&#8221;stretch_row&#8221; css=&#8221;.vc_custom_1690298278878{padding-top: 40px !important;padding-bottom: 100px !important;background-color: #fffaed !important;}&#8221; el_class=&#8221;.site-wrap-mbl&#8221;][vc_column][stm_title title_tag=&#8221;h2&#8243; title_color=&#8221;custom&#8221; sep_color=&#8221;custom&#8221; sep_enable=&#8221;true&#8221; title=&#8221;Prestations&#8221; sep_margin_b=&#8221;50px&#8221; title_margin_t=&#8221;-6px&#8221; sep_color_custom=&#8221;#4583c1&#8243; title_color_custom=&#8221;#000000&#8243;][\/stm_title][stm_image_box sep_color=&#8221;custom&#8221; title_color=&#8221;custom&#8221; sep_enable=&#8221;true&#8221; title=&#8221;Team building pour entreprises&#8221; img_id=&#8221;6571&#8243; title_link=&#8221;url:%23||&#8221; sep_color_custom=&#8221;#4583c1&#8243; title_color_custom=&#8221;#000000&#8243; img_size=&#8221;full&#8221;]Chaque jour, des milliers d&#8217;entreprises sont p\u00e9nalis\u00e9es par les barri\u00e8res linguistiques et culturelles. Apprenez une langue, \u00e9largissez votre base de clients dans le monde entier et concluez cette affaire! Nous vous proposons une exp\u00e9rience linguistique unique qui vous permet d&#8217;apprendre dans un environnement r\u00e9el, \u00e0 partir de situations concr\u00e8tes, et de mettre tout cela en pratique par le biais d&#8217;activit\u00e9s (y compris des cours de ski en hiver). Les cours sont organis\u00e9s sur mesure pour mettre l&#8217;accent sur la langue et le vocabulaire essentiels \u00e0 votre activit\u00e9. Contactez-nous pour plus d&#8217;informations.[\/stm_image_box][vc_empty_space][stm_image_box sep_color=&#8221;custom&#8221; title_color=&#8221;custom&#8221; sep_enable=&#8221;true&#8221; title=&#8221;Traduction, interpr\u00e9tariat et relecture&#8221; img_id=&#8221;6572&#8243; title_link=&#8221;url:%23||&#8221; sep_color_custom=&#8221;#4583c1&#8243; title_color_custom=&#8221;#000000&#8243; img_size=&#8221;full&#8221; css=&#8221;.vc_custom_1696490069682{margin-bottom: 40px !important;}&#8221;]Avez-vous besoin d&#8217;aide pour organiser la r\u00e9novation de votre appartement ?\u00a0 Serez-vous absent lors de l\u2019assembl\u00e9e des copropri\u00e9taires de votre immeuble et aurez-vous besoin de quelqu&#8217;un pour vous remplacer\u00a0? Ou aimeriez-vous que quelqu&#8217;un assiste \u00e0 votre r\u00e9union avec vous pour vous aider en cas de difficult\u00e9s linguistiques ?\u00a0\u00a0 Voulez-vous que votre site internet ou vos articles soient traduits dans une autre langue ?\u00a0\u00a0 Nous pouvons vous aider pour tout ce qui concerne les langues. Tous nos services sont confidentiels et fiables.[\/stm_image_box][stm_image_box sep_color=&#8221;custom&#8221; title_color=&#8221;custom&#8221; sep_enable=&#8221;true&#8221; title=&#8221;Pr\u00e9paration aux examens&#8221; img_id=&#8221;6972&#8243; title_link=&#8221;url:%23||&#8221; sep_color_custom=&#8221;#4583c1&#8243; title_color_custom=&#8221;#000000&#8243; img_size=&#8221;full&#8221;]En fonction de l&#8217;examen que vous passez, il peut y avoir des groupes disponibles, sinon l\u2019enseignement en priv\u00e9 est \u00e9galement possible afin que vous puissiez r\u00e9ussir votre examen avec succ\u00e8s.<\/p>\n<div class=\"tjklt-flx\">\n<ul class=\"stm-list-1-white topt fjjklt dark-bl\">\n<li>TEFL<\/li>\n<li>TOEFL<\/li>\n<li>IELTS<\/li>\n<li>First<\/li>\n<li>CAE<\/li>\n<\/ul>\n<ul class=\"stm-list-1-white topt fjjklt dark-bl\">\n<li>CPE<\/li>\n<li>Common Entrance<\/li>\n<li>GCSE et IGCSE<\/li>\n<li>AS et A-Level<\/li>\n<li>SATs<\/li>\n<\/ul>\n<ul class=\"stm-list-1-white topt fjjklt dark-bl\">\n<li>ISEE<\/li>\n<li>DELF\/DALF<\/li>\n<li>Baccalaur\u00e9at international<\/li>\n<li>Test fide<\/li>\n<li>Naturalisation suisse<\/li>\n<\/ul>\n<\/div>\n<p>[\/stm_image_box][vc_row_inner css=&#8221;.vc_custom_1683188015447{margin-right: 0px !important;margin-left: 0px !important;}&#8221;][vc_column_inner css=&#8221;.vc_custom_1680169921617{padding-top: 0px !important;}&#8221;][\/vc_column_inner][\/vc_row_inner][vc_column_text]<strong>Prix par \u00e9tudiant pour un cours de 1 heure<\/strong><\/p>\n<ul class=\"jlittwr\">\n<li>Cours priv\u00e9:120 CHF<\/li>\n<li>Cours semi-priv\u00e9 (2 personnes) : 60 CHF<\/li>\n<li>Cours en groupe (3 personnes): 40 CHF<\/li>\n<li>Cours en groupe (4 personnes): 30 CHF<\/li>\n<li>Cours intensifs: contactez-nous pour obtenir un devis<\/li>\n<li>Test fide:\n<ul class=\"jlittwr jli1\">\n<li>Test complet : 250.\u2013 CHF<\/li>\n<li>Parler et comprendre :170.- CHF<\/li>\n<li>Lire et \u00e9crire : 120.- CHF<\/li>\n<\/ul>\n<\/li>\n<\/ul>\n<p>[\/vc_column_text][vc_raw_html]JTNDZGl2JTIwY2xhc3MlM0QlMjJzdG0tYnRuLWNvbnRhaW5lciUyMHN0bS1idG4tY29udGFpbmVyX2xlZnQlMjBkZC14dCUyMiUyMHN0eWxlJTNEJTIybWFyZ2luLXRvcCUzQTI1cHglM0J0ZXh0LWFsaWduJTNBY2VudGVyJTIyJTNFJTBBJTA5JTA5JTA5JTA5JTA5JTNDYSUyMGhyZWYlM0QlMjJodHRwcyUzQSUyRiUyRnZlcmJpZXJsYW5ndWFnZXNjaG9vbC5jb20lMkZmcmVuY2glMkZjb250YWN0ZXotbm91cyUyRiUyMiUyMGNsYXNzJTNEJTIyc3RtLWJ0biUyMHN0bS1idG5fZmxhdCUyMHN0bS1idG5fY3VzdG9tJTIwc3RtLWJ0bl9tZCUyMGItYmclMjIlMjBkYXRhLWJnJTNEJTIyJTIzYzkxZjI1JTIyJTIwZGF0YS10ZXh0JTNEJTIyJTIzZmZmZmZmJTIyJTIwc3R5bGUlM0QlMjJiYWNrZ3JvdW5kLWNvbG9yJTNBJTIwcmdiYSUyODk5JTJDJTIwMjMlMkMlMjAxNTglMkMlMjAxJTI1JTI5JTNCJTIwY29sb3IlM0ElMjByZ2IlMjgyNTUlMkMlMjAyNTUlMkMlMjAyNTUlMjklM0IlMjIlM0VDb250YWN0ZXotbm91cyUyMCUzQyUyRmElM0UlMEElMDklMDklMDklM0MlMkZkaXYlM0U=[\/vc_raw_html][\/vc_column][\/vc_row][vc_row full_width=&#8221;stretch_row&#8221; disable_element=&#8221;yes&#8221; css=&#8221;.vc_custom_1680175022222{padding-top: 45px !important;padding-bottom: 100px !important;background-color: #dce7ed !important;}&#8221;][vc_column width=&#8221;1\/2&#8243; offset=&#8221;vc_col-lg-7 vc_col-md-6 vc_col-xs-12&#8243;][\/vc_column][vc_column width=&#8221;1\/2&#8243; offset=&#8221;vc_col-lg-5 vc_col-md-6 vc_col-xs-12&#8243;][\/vc_column][\/vc_row]<\/p>\n","protected":false},"excerpt":{"rendered":"<p>[vc_row full_width=&#8221;stretch_row&#8221; css=&#8221;.vc_custom_1690298269170{background-image: url(https:\/\/verbierlanguageschool.com\/french\/wp-content\/uploads\/2023\/03\/verbier-langiage-school-home-page.jpg?id=5799) !important;}&#8221; el_class=&#8221;.site-wrap-mbl&#8221;][vc_column width=&#8221;1\/2&#8243; offset=&#8221;vc_col-xs-12&#8243;][stm_spacing xs_spacing=&#8221;20px&#8221; lg_spacing=&#8221;40px&#8221; md_spacing=&#8221;43px&#8221; sm_spacing=&#8221;20px&#8221;][vc_single_image image=&#8221;5793&#8243; img_size=&#8221;large&#8221; alignment=&#8221;center&#8221;][\/vc_column][vc_column width=&#8221;1\/2&#8243; offset=&#8221;vc_col-xs-12&#8243;][stm_spacing lg_spacing=&#8221;73px&#8221; md_spacing=&#8221;73px&#8221; sm_spacing=&#8221;30px&#8221; xs_spacing=&#8221;30px&#8221;][stm_title title_tag=&#8221;h2&#8243; title_color=&#8221;custom&#8221; sep_color=&#8221;custom&#8221; sep_enable=&#8221;true&#8221; title=&#8221;Prestations&#8221; title_color_custom=&#8221;#000000&#8243; sep_color_custom=&#8221;#4583c1&#8243;][\/stm_title][vc_column_text css=&#8221;.vc_custom_1696490009917{margin-bottom: 0px !important;}&#8221;]En plus de la traduction et de l\u2019interpr\u00e9tariat, nous proposons de nombreux autres services pour vous aider \u00e0 vous int\u00e9grer plus facilement.[\/vc_column_text][vc_raw_html css=&#8221;.vc_custom_1697549343497{margin-bottom: 0px !important;}&#8221;]JTNDZGl2JTIwY2xhc3MlM0QlMjJzdG0tYnRuLWNvbnRhaW5lciUyMHN0bS1idG4tY29udGFpbmVyX2xlZnQlMjBtc2J0bmQyNTYlMjBkZC14dCUyMiUyMHN0eWxlJTNEJTIybWFyZ2luLXRvcCUzQSUyMDI3cHglM0IlMjIlM0UlMEElMDklMDklMDklMDklMDklM0NhJTIwaHJlZiUzRCUyMmh0dHBzJTNBJTJGJTJGdmVyYmllcmxhbmd1YWdlc2Nob29sLmNvbSUyRmZyZW5jaCUyRmNvbnRhY3Rlei1ub3VzJTJGJTIyJTIwY2xhc3MlM0QlMjJzdG0tYnRuJTIwc3RtLWJ0bl9mbGF0JTIwc3RtLWJ0bl9jdXN0b20lMjBzdG0tYnRuX21kJTIyJTIwZGF0YS1iZyUzRCUyMiUyMzYzMTc5ZSUyMCUyMiUyMGRhdGEtdGV4dCUzRCUyMiUyM2ZmZmZmZiUyMiUyMHN0eWxlJTNEJTIyYmFja2dyb3VuZC1jb2xvciUzQSUyMHJnYiUyODIwMSUyQyUyMDMxJTJDJTIwMzclMjklM0IlMjBjb2xvciUzQSUyMHJnYiUyODI1NSUyQyUyMDI1NSUyQyUyMDI1NSUyOSUzQiUyMiUzRUNvbnRhY3Rlei1ub3VzJTIwJTNDJTJGYSUzRSUwQSUwOSUwOSUwOSUzQyUyRmRpdiUzRQ==[\/vc_raw_html][vc_row_inner [&hellip;]<\/p>\n","protected":false},"author":1,"featured_media":0,"parent":1193,"menu_order":0,"comment_status":"closed","ping_status":"closed","template":"","meta":{"footnotes":""},"class_list":["post-7284","page","type-page","status-publish","hentry"],"yoast_head":"<!-- This site is optimized with the Yoast SEO plugin v21.5 - https:\/\/yoast.com\/wordpress\/plugins\/seo\/ -->\n<title>Prestations et prix - Verbier Language School<\/title>\n<meta name=\"robots\" content=\"index, follow, max-snippet:-1, max-image-preview:large, max-video-preview:-1\" \/>\n<link rel=\"canonical\" href=\"https:\/\/verbierlanguageschool.com\/french\/adult-classes\/prestations-et-prix\/\" \/>\n<meta property=\"og:locale\" content=\"en_US\" \/>\n<meta property=\"og:type\" content=\"article\" \/>\n<meta property=\"og:title\" content=\"Prestations et prix - Verbier Language School\" \/>\n<meta property=\"og:description\" content=\"[vc_row full_width=&#8221;stretch_row&#8221; css=&#8221;.vc_custom_1690298269170{background-image: url(https:\/\/verbierlanguageschool.com\/french\/wp-content\/uploads\/2023\/03\/verbier-langiage-school-home-page.jpg?id=5799) !important;}&#8221; el_class=&#8221;.site-wrap-mbl&#8221;][vc_column width=&#8221;1\/2&#8243; offset=&#8221;vc_col-xs-12&#8243;][stm_spacing xs_spacing=&#8221;20px&#8221; lg_spacing=&#8221;40px&#8221; md_spacing=&#8221;43px&#8221; sm_spacing=&#8221;20px&#8221;][vc_single_image image=&#8221;5793&#8243; img_size=&#8221;large&#8221; alignment=&#8221;center&#8221;][\/vc_column][vc_column width=&#8221;1\/2&#8243; offset=&#8221;vc_col-xs-12&#8243;][stm_spacing lg_spacing=&#8221;73px&#8221; md_spacing=&#8221;73px&#8221; sm_spacing=&#8221;30px&#8221; xs_spacing=&#8221;30px&#8221;][stm_title title_tag=&#8221;h2&#8243; title_color=&#8221;custom&#8221; sep_color=&#8221;custom&#8221; sep_enable=&#8221;true&#8221; title=&#8221;Prestations&#8221; title_color_custom=&#8221;#000000&#8243; sep_color_custom=&#8221;#4583c1&#8243;][\/stm_title][vc_column_text css=&#8221;.vc_custom_1696490009917{margin-bottom: 0px !important;}&#8221;]En plus de la traduction et de l\u2019interpr\u00e9tariat, nous proposons de nombreux autres services pour vous aider \u00e0 vous int\u00e9grer plus facilement.[\/vc_column_text][vc_raw_html css=&#8221;.vc_custom_1697549343497{margin-bottom: 0px !important;}&#8221;]JTNDZGl2JTIwY2xhc3MlM0QlMjJzdG0tYnRuLWNvbnRhaW5lciUyMHN0bS1idG4tY29udGFpbmVyX2xlZnQlMjBtc2J0bmQyNTYlMjBkZC14dCUyMiUyMHN0eWxlJTNEJTIybWFyZ2luLXRvcCUzQSUyMDI3cHglM0IlMjIlM0UlMEElMDklMDklMDklMDklMDklM0NhJTIwaHJlZiUzRCUyMmh0dHBzJTNBJTJGJTJGdmVyYmllcmxhbmd1YWdlc2Nob29sLmNvbSUyRmZyZW5jaCUyRmNvbnRhY3Rlei1ub3VzJTJGJTIyJTIwY2xhc3MlM0QlMjJzdG0tYnRuJTIwc3RtLWJ0bl9mbGF0JTIwc3RtLWJ0bl9jdXN0b20lMjBzdG0tYnRuX21kJTIyJTIwZGF0YS1iZyUzRCUyMiUyMzYzMTc5ZSUyMCUyMiUyMGRhdGEtdGV4dCUzRCUyMiUyM2ZmZmZmZiUyMiUyMHN0eWxlJTNEJTIyYmFja2dyb3VuZC1jb2xvciUzQSUyMHJnYiUyODIwMSUyQyUyMDMxJTJDJTIwMzclMjklM0IlMjBjb2xvciUzQSUyMHJnYiUyODI1NSUyQyUyMDI1NSUyQyUyMDI1NSUyOSUzQiUyMiUzRUNvbnRhY3Rlei1ub3VzJTIwJTNDJTJGYSUzRSUwQSUwOSUwOSUwOSUzQyUyRmRpdiUzRQ==[\/vc_raw_html][vc_row_inner [&hellip;]\" \/>\n<meta property=\"og:url\" content=\"https:\/\/verbierlanguageschool.com\/french\/adult-classes\/prestations-et-prix\/\" \/>\n<meta property=\"og:site_name\" content=\"Verbier Language School\" \/>\n<meta property=\"article:modified_time\" content=\"2025-09-22T13:21:32+00:00\" \/>\n<meta name=\"twitter:card\" content=\"summary_large_image\" \/>\n<meta name=\"twitter:label1\" content=\"Est. reading time\" \/>\n\t<meta name=\"twitter:data1\" content=\"5 minutes\" \/>\n<script type=\"application\/ld+json\" class=\"yoast-schema-graph\">{\"@context\":\"https:\/\/schema.org\",\"@graph\":[{\"@type\":\"WebPage\",\"@id\":\"https:\/\/verbierlanguageschool.com\/french\/adult-classes\/prestations-et-prix\/\",\"url\":\"https:\/\/verbierlanguageschool.com\/french\/adult-classes\/prestations-et-prix\/\",\"name\":\"Prestations et prix - Verbier Language School\",\"isPartOf\":{\"@id\":\"https:\/\/verbierlanguageschool.com\/french\/#website\"},\"datePublished\":\"2023-08-24T12:37:00+00:00\",\"dateModified\":\"2025-09-22T13:21:32+00:00\",\"breadcrumb\":{\"@id\":\"https:\/\/verbierlanguageschool.com\/french\/adult-classes\/prestations-et-prix\/#breadcrumb\"},\"inLanguage\":\"en-US\",\"potentialAction\":[{\"@type\":\"ReadAction\",\"target\":[\"https:\/\/verbierlanguageschool.com\/french\/adult-classes\/prestations-et-prix\/\"]}]},{\"@type\":\"BreadcrumbList\",\"@id\":\"https:\/\/verbierlanguageschool.com\/french\/adult-classes\/prestations-et-prix\/#breadcrumb\",\"itemListElement\":[{\"@type\":\"ListItem\",\"position\":1,\"name\":\"Home\",\"item\":\"https:\/\/verbierlanguageschool.com\/french\/\"},{\"@type\":\"ListItem\",\"position\":2,\"name\":\"Adult Classes\",\"item\":\"https:\/\/verbierlanguageschool.com\/french\/adult-classes\/\"},{\"@type\":\"ListItem\",\"position\":3,\"name\":\"Prestations et prix\"}]},{\"@type\":\"WebSite\",\"@id\":\"https:\/\/verbierlanguageschool.com\/french\/#website\",\"url\":\"https:\/\/verbierlanguageschool.com\/french\/\",\"name\":\"Verbier Language School\",\"description\":\"\",\"potentialAction\":[{\"@type\":\"SearchAction\",\"target\":{\"@type\":\"EntryPoint\",\"urlTemplate\":\"https:\/\/verbierlanguageschool.com\/french\/?s={search_term_string}\"},\"query-input\":\"required name=search_term_string\"}],\"inLanguage\":\"en-US\"}]}<\/script>\n<!-- \/ Yoast SEO plugin. -->","yoast_head_json":{"title":"Prestations et prix - Verbier Language School","robots":{"index":"index","follow":"follow","max-snippet":"max-snippet:-1","max-image-preview":"max-image-preview:large","max-video-preview":"max-video-preview:-1"},"canonical":"https:\/\/verbierlanguageschool.com\/french\/adult-classes\/prestations-et-prix\/","og_locale":"en_US","og_type":"article","og_title":"Prestations et prix - Verbier Language School","og_description":"[vc_row full_width=&#8221;stretch_row&#8221; css=&#8221;.vc_custom_1690298269170{background-image: url(https:\/\/verbierlanguageschool.com\/french\/wp-content\/uploads\/2023\/03\/verbier-langiage-school-home-page.jpg?id=5799) !important;}&#8221; el_class=&#8221;.site-wrap-mbl&#8221;][vc_column width=&#8221;1\/2&#8243; offset=&#8221;vc_col-xs-12&#8243;][stm_spacing xs_spacing=&#8221;20px&#8221; lg_spacing=&#8221;40px&#8221; md_spacing=&#8221;43px&#8221; sm_spacing=&#8221;20px&#8221;][vc_single_image image=&#8221;5793&#8243; img_size=&#8221;large&#8221; alignment=&#8221;center&#8221;][\/vc_column][vc_column width=&#8221;1\/2&#8243; offset=&#8221;vc_col-xs-12&#8243;][stm_spacing lg_spacing=&#8221;73px&#8221; md_spacing=&#8221;73px&#8221; sm_spacing=&#8221;30px&#8221; xs_spacing=&#8221;30px&#8221;][stm_title title_tag=&#8221;h2&#8243; title_color=&#8221;custom&#8221; sep_color=&#8221;custom&#8221; sep_enable=&#8221;true&#8221; title=&#8221;Prestations&#8221; title_color_custom=&#8221;#000000&#8243; sep_color_custom=&#8221;#4583c1&#8243;][\/stm_title][vc_column_text css=&#8221;.vc_custom_1696490009917{margin-bottom: 0px !important;}&#8221;]En plus de la traduction et de l\u2019interpr\u00e9tariat, nous proposons de nombreux autres services pour vous aider \u00e0 vous int\u00e9grer plus facilement.[\/vc_column_text][vc_raw_html css=&#8221;.vc_custom_1697549343497{margin-bottom: 0px !important;}&#8221;]JTNDZGl2JTIwY2xhc3MlM0QlMjJzdG0tYnRuLWNvbnRhaW5lciUyMHN0bS1idG4tY29udGFpbmVyX2xlZnQlMjBtc2J0bmQyNTYlMjBkZC14dCUyMiUyMHN0eWxlJTNEJTIybWFyZ2luLXRvcCUzQSUyMDI3cHglM0IlMjIlM0UlMEElMDklMDklMDklMDklMDklM0NhJTIwaHJlZiUzRCUyMmh0dHBzJTNBJTJGJTJGdmVyYmllcmxhbmd1YWdlc2Nob29sLmNvbSUyRmZyZW5jaCUyRmNvbnRhY3Rlei1ub3VzJTJGJTIyJTIwY2xhc3MlM0QlMjJzdG0tYnRuJTIwc3RtLWJ0bl9mbGF0JTIwc3RtLWJ0bl9jdXN0b20lMjBzdG0tYnRuX21kJTIyJTIwZGF0YS1iZyUzRCUyMiUyMzYzMTc5ZSUyMCUyMiUyMGRhdGEtdGV4dCUzRCUyMiUyM2ZmZmZmZiUyMiUyMHN0eWxlJTNEJTIyYmFja2dyb3VuZC1jb2xvciUzQSUyMHJnYiUyODIwMSUyQyUyMDMxJTJDJTIwMzclMjklM0IlMjBjb2xvciUzQSUyMHJnYiUyODI1NSUyQyUyMDI1NSUyQyUyMDI1NSUyOSUzQiUyMiUzRUNvbnRhY3Rlei1ub3VzJTIwJTNDJTJGYSUzRSUwQSUwOSUwOSUwOSUzQyUyRmRpdiUzRQ==[\/vc_raw_html][vc_row_inner [&hellip;]","og_url":"https:\/\/verbierlanguageschool.com\/french\/adult-classes\/prestations-et-prix\/","og_site_name":"Verbier Language School","article_modified_time":"2025-09-22T13:21:32+00:00","twitter_card":"summary_large_image","twitter_misc":{"Est. reading time":"5 minutes"},"schema":{"@context":"https:\/\/schema.org","@graph":[{"@type":"WebPage","@id":"https:\/\/verbierlanguageschool.com\/french\/adult-classes\/prestations-et-prix\/","url":"https:\/\/verbierlanguageschool.com\/french\/adult-classes\/prestations-et-prix\/","name":"Prestations et prix - Verbier Language School","isPartOf":{"@id":"https:\/\/verbierlanguageschool.com\/french\/#website"},"datePublished":"2023-08-24T12:37:00+00:00","dateModified":"2025-09-22T13:21:32+00:00","breadcrumb":{"@id":"https:\/\/verbierlanguageschool.com\/french\/adult-classes\/prestations-et-prix\/#breadcrumb"},"inLanguage":"en-US","potentialAction":[{"@type":"ReadAction","target":["https:\/\/verbierlanguageschool.com\/french\/adult-classes\/prestations-et-prix\/"]}]},{"@type":"BreadcrumbList","@id":"https:\/\/verbierlanguageschool.com\/french\/adult-classes\/prestations-et-prix\/#breadcrumb","itemListElement":[{"@type":"ListItem","position":1,"name":"Home","item":"https:\/\/verbierlanguageschool.com\/french\/"},{"@type":"ListItem","position":2,"name":"Adult Classes","item":"https:\/\/verbierlanguageschool.com\/french\/adult-classes\/"},{"@type":"ListItem","position":3,"name":"Prestations et prix"}]},{"@type":"WebSite","@id":"https:\/\/verbierlanguageschool.com\/french\/#website","url":"https:\/\/verbierlanguageschool.com\/french\/","name":"Verbier Language School","description":"","potentialAction":[{"@type":"SearchAction","target":{"@type":"EntryPoint","urlTemplate":"https:\/\/verbierlanguageschool.com\/french\/?s={search_term_string}"},"query-input":"required name=search_term_string"}],"inLanguage":"en-US"}]}},"_links":{"self":[{"href":"https:\/\/verbierlanguageschool.com\/french\/wp-json\/wp\/v2\/pages\/7284","targetHints":{"allow":["GET"]}}],"collection":[{"href":"https:\/\/verbierlanguageschool.com\/french\/wp-json\/wp\/v2\/pages"}],"about":[{"href":"https:\/\/verbierlanguageschool.com\/french\/wp-json\/wp\/v2\/types\/page"}],"author":[{"embeddable":true,"href":"https:\/\/verbierlanguageschool.com\/french\/wp-json\/wp\/v2\/users\/1"}],"replies":[{"embeddable":true,"href":"https:\/\/verbierlanguageschool.com\/french\/wp-json\/wp\/v2\/comments?post=7284"}],"version-history":[{"count":14,"href":"https:\/\/verbierlanguageschool.com\/french\/wp-json\/wp\/v2\/pages\/7284\/revisions"}],"predecessor-version":[{"id":7505,"href":"https:\/\/verbierlanguageschool.com\/french\/wp-json\/wp\/v2\/pages\/7284\/revisions\/7505"}],"up":[{"embeddable":true,"href":"https:\/\/verbierlanguageschool.com\/french\/wp-json\/wp\/v2\/pages\/1193"}],"wp:attachment":[{"href":"https:\/\/verbierlanguageschool.com\/french\/wp-json\/wp\/v2\/media?parent=7284"}],"curies":[{"name":"wp","href":"https:\/\/api.w.org\/{rel}","templated":true}]}}